at is the tens digit of n?
3
Suppose 4*w - v = 3*v + 72, 5*w + 4*v = 54. What is the units digit of w?
4
Let w be -3 - (-82 + (-1 - 0)). Suppose -q - 3*l = -12, -l + w = 4*q + 3*l. What is the tens digit of q?
2
Suppose 73*b = 75*b - 10. What is the units digit of b?
5
Let r be ((-44)/5)/(2/(-10)). Let w = -28 + r. Let f = 24 - w. What is the units digit of f?
8
Suppose -3*q - 2*q = 300. Let y = -41 - q. What is the units digit of y?
9
Let p(r) = 2*r**3 - 5*r**2 + 3*r + 1. Let a = 0 - -3. What is the tens digit of p(a)?
1
Let z = -16 - -47. Let h = -8 + z. What is the units digit of h?
3
Let r(x) = 36*x**2 + x + 1. What is the units digit of r(-1)?
6
Suppose 2*n + 2*n - 20 = 0. Let z = n - 8. What is the units digit of -1 + 12 + (z - 0)?
8
Let d(p) = -p**3 - 7*p**2 - 9*p - 7. Let f be d(-6). Let l(n) = n**3 - 12*n**2 + 12*n - 8. What is the units digit of l(f)?
3
Suppose -3*j = j - 556. What is the units digit of j?
9
Let f = 0 + 2. Suppose -y - f + 14 = 0. What is the units digit of y?
2
Let f = -94 - -226. What is the units digit of f?
2
Let q be (-46)/(-14) + 6/(-21). Suppose -4*r - 4 = -2*w, -5*r + 5*w - 6 = 4. Let d = r + q. What is the units digit of d?
3
Suppose 4*y = -3*f + 5 + 3, 4*f = 0. What is the units digit of y?
2
Let t(d) = 2*d**2 - d + 1. Let j be t(1). Suppose 4 = -j*z, -17 = -4*x + 5*z + 1. Suppose -o - 2*b = -10, 4*o - x*b - 43 = -7*b. What is the tens digit of o?
1
Let h(o) = -5*o - o**3 + 5*o**2 + 3 + 1 + 0. Let y be 1/(1 - (-2)/(-3)). What is the units digit of h(y)?
7
Suppose 2*p - 282 = -4*p. What is the tens digit of p?
4
Let d(u) = 6*u**2 + 3*u + 2. Let w(m) = 11*m**2 + 6*m + 4. Suppose 3*r - 10 = 2. Let s(v) = r*w(v) - 7*d(v). What is the units digit of s(-3)?
1
Let c(d) = -d**3 + 20*d**2 - 24*d - 22. What is the tens digit of c(18)?
9
Suppose -5*j - 2*x + 13 = -17, 2*j = x + 21. Suppose 4*k + 4 = 4*f, -f - 3 = 2. Let w = k + j. What is the units digit of w?
2
Let l(n) = -n**3 - n**2 + n. Let s be l(0). Suppose -3*b + 71 - 20 = s. Suppose 0 = -2*f + f + b. What is the units digit of f?
7
Suppose 3 - 9 = -3*h. Suppose 2*j = 2*u - 24, 3*j = h*u + 2*j - 22. What is the tens digit of u?
1
Suppose 5*c - 8*c + 306 = -5*k, 2*c = -2*k + 204. What is the units digit of c?
2
Suppose 2*h = 5*h + 9. Let f be (1 - 1*-6)*h. What is the units digit of 6/f + 300/21?
4
Let l(q) = -q**2 + 9*q - 4. What is the tens digit of l(4)?
1
Let q be (-2 + 0)*30/(-20). Let s be q/(-6) + (-42)/4. Let p = -5 - s. What is the units digit of p?
6
Suppose 2*l = -q + 19, -l + 4 = q - 3. Let o = l - 8. What is the units digit of o?
4
Let c be 3/(-2)*(-102)/(-9). Let t = -12 - c. Suppose 0*h - 90 = -t*h. What is the units digit of h?
8
Let z(i) = 4*i**2 + 12*i + 13. What is the tens digit of z(-5)?
5
Let p(n) = n**3 - 9*n**2 - 9*n + 12. What is the units digit of p(10)?
2
Let p be (-10)/(-25)*(-10 - 0). What is the units digit of (-2)/(1*p)*12?
6
Let q(d) = d**2 + 3*d. What is the units digit of q(-4)?
4
Let p(w) = 16*w + 16. What is the units digit of p(7)?
8
Let o be -3 + 3 - (2 - 1). Let a be (0/3)/(1/o). Suppose -b + 2*s + 1 = 0, a*b = -4*b - 3*s + 26. What is the units digit of b?
5
Let d(g) = 13*g**2 + 2. What is the units digit of d(-1)?
5
Let p(y) = y**3 - 5*y**2 - 5*y - 4. Let w be p(6). Let q(l) = 2*l**2 - l**2 - w*l**2 + 1. What is the units digit of q(0)?
1
Let m be 5/(-3)*-3*1. Suppose -q + 4*c - 6*c = -6, 2*q - 17 = -m*c. Let b = -1 - q. What is the units digit of b?
3
Suppose 0 = 4*q + q - 4*u - 33, -3*u = q - 18. What is the units digit of q?
9
Let v = 1 - -3. What is the units digit of 44*((-12)/v)/(-6)?
2
Let b(s) = 2*s**2 + 3*s + 1. Let z = -2 - 0. Let q be b(z). Suppose -q*d = 5*y - 13, 6*y - y - 19 = -4*d. What is the units digit of d?
6
Let k(q) = 6*q + 2. Let h be k(3). What is the units digit of (-24)/(-1) - h/(-5)?
8
Suppose 0 = -j + 3*w, j + 3*w - 2 = 5*w. What is the units digit of j/4*258/9?
3
Suppose v = -4*w + 31, -28 = -2*w - v + 3*v. Let t = 25 + w. What is the tens digit of t?
3
Let a be 1*(-3 - 0/(-2)). Let t = 1 - a. What is the units digit of t?
4
Suppose -5*m = 2*q - 89 - 252, -4*q - 8 = 0. What is the units digit of m?
9
Suppose i - 5*m + 10 = 6*i, i = 3*m + 10. What is the tens digit of 594/26 + i/26?
2
Let a(c) = c**3 + 8*c**2 + 6*c + 3. Let p be a(-6). Let n be (-262)/(-4) + (-1)/2. Suppose n = 5*o + k, 3*o - 6*o + p = 3*k. What is the units digit of o?
3
What is the units digit of 1/(2/(124/2))?
1
Let u = 31 - 18. What is the units digit of u?
3
Let m be (-2)/3 + (-20)/15. What is the tens digit of -1 - m/((-4)/(-62))?
3
Let o = 3 + -1. Suppose -4*b = -o*b + 12. Let l(m) = -m**3 - 5*m**2 + 5*m - 4. What is the units digit of l(b)?
2
Let l(i) = 4*i**2 - 2*i - 1. Let s be l(-1). Suppose z = -5*j + 31, -4*j - 3*z + s + 11 = 0. What is the units digit of j?
7
Let a(r) = 8 - 5 + 0*r**3 + r**3. What is the units digit of a(3)?
0
Let j = 54 - 21. What is the tens digit of j?
3
Suppose 0 = 2*s + 8*k - 3*k + 2, -4*s - 4*k + 20 = 0. Suppose 3*c + 0*c - s = 0. What is the units digit of 2*(2 + (c - 2))?
6
Suppose 0*c + 2*h - 3 = -c, 2*h + 25 = -5*c. Let i = -3 - c. What is the units digit of i?
4
Let f(p) = -3*p. Let g(z) = -5*z. Let s(h) = -7*f(h) + 4*g(h). What is the units digit of s(4)?
4
Let w = 25 - -43. What is the tens digit of w?
6
Suppose c + 5*r = -51 + 357, -5*c + 1576 = 2*r. What is the hundreds digit of c?
3
What is the units digit of 1 + -1 + (24 - 15)?
9
Let i = 7 + -4. Suppose -i*w + 2*j = 272 - 41, 5*w = -3*j - 404. What is the units digit of w/(-11) - 6/33?
7
Let l = -17 + 45. What is the tens digit of l?
2
Let n(v) be the first derivative of 5*v**3 - v**2 - v - 1. What is the units digit of n(-1)?
6
Let l(o) = -5*o**3 - 8*o**2 + 8 + 6*o**3 + 0*o**3 + 7*o. Suppose 0 = -t - 2, 3*p - 4*t - 10 = 19. What is the units digit of l(p)?
8
Suppose 0 = 3*o + 4*o - 7. What is the units digit of o?
1
Suppose 3*d = -2*d. Let c(u) = -2*u - 9. Let i be c(0). Let j = d - i. What is the units digit of j?
9
Suppose 0 = 2*w - 92 - 42. What is the tens digit of w?
6
Suppose 24 + 211 = 5*n. Suppose n = -r + 2*r. What is the tens digit of r?
4
Let g = 91 - 38. Let q = g + -33. Suppose -2*a = a - 2*s - 15, 0 = -2*a - 2*s + q. What is the units digit of a?
7
Let t be ((-6)/(-9))/(2/30). Suppose 0 = -x - 4*x + t. What is the units digit of x?
2
Let p = -6 - -14. What is the units digit of p?
8
Suppose 4*s + h = 66 + 75, s - 36 = -h. What is the tens digit of s?
3
Suppose -4*s = -2*s - 252. What is the hundreds digit of s?
1
Let j(c) = -5*c**2 + 2*c + 4*c**2 - 12*c. Let w(n) = n - 3. Let m be w(-4). What is the tens digit of j(m)?
2
Suppose 4*f + 2 = -3*p + 3*f, -3*f = 3*p + 6. Let g(q) = q**3 + q**2 - q. Let r be g(1). Suppose p*n - r = -n. What is the units digit of n?
1
Suppose 64 = 2*j - 4*z, 5*z - 39 = -2*j + 70. Suppose j = 3*b - 33. What is the tens digit of b?
2
Suppose -2*a - 2*a = 100. Let i = a + 46. What is the units digit of i?
1
Let b = -18 - -29. What is the units digit of b?
1
Let a = -22 - -49. Suppose 0 = -3*x + a + 3. What is the units digit of x?
0
Suppose 4*j = -3*x + 32, -2*x + 4*j = 2*x + 4. What is the tens digit of (0 - x/4)*-19?
1
Suppose -7*s = -8*s - j + 120, j = -3*s + 362. What is the units digit of s?
1
Let a = 1 - -1. Suppose -a*b - b = -21. What is the units digit of b?
7
Suppose 0 = 4*g - 18 - 22. What is the units digit of g?
0
Suppose 0 = f + 3*q + 10, 14 = 2*f + 3*f - q. Suppose -3*y + 34 = -2*t, 0 = -4*y - f*t - 13 + 49. What is the tens digit of y?
1
Let w(r) = r**3 - 8*r**2 - 8*r - 11. Let j be w(9). Let v = j - -4. Suppose 0 = -t - v, -2*t = 3*g - 0*t - 38. What is the tens digit of g?
1
Let g = -1 - -5. Suppose -h + g*h - 15 = 0. Suppose b + 5 - 53 = -h*y, 4*y = -4*b + 48. What is the units digit of y?
9
Suppose -3*v = 5*u - 0*u - 291, -3*v = 4*u - 231. What is the units digit of u?
0
Suppose 5*c + p = -p + 16, 0 = -4*c + 4*p + 24. Let w be 2 - 1 - (-8)/c. Suppose 0*u = w*u - 15. What is the units digit of u?
5
Suppose -2 + 0 = -m. Let q be -16 - -4 - 2/m. Let k = -9 - q. What is the units digit of k?
4
Suppose -16 = j + 5*g - 54, -2*j = -5*g - 16. Let l = 38 - j. Suppose 6*w = 2*w + l. What is the units digit of w?
5
Suppose 3*u - 53 = -17. What is the units digit of u?
2
Let u be 